 + -1000100?
10111011111001
In base 2, what is -11001 + 11000001?
10101000
In base 8, what is 111273 - 4?
111267
In base 14, what is 1000 - -2?
1002
In base 2, what is 11001 + -110100000100101?
-110100000001100
In base 6, what is 133 - -110113?
110250
In base 14, what is -2723 + -12?
-2735
In base 13, what is -18 - -33?
18
In base 7, what is -1 - -161436?
161435
In base 10, what is 2231649 - -5?
2231654
In base 8, what is 2 - 450740?
-450736
In base 6, what is 4002 - -1201?
5203
In base 6, what is -14335 + -2?
-14341
In base 9, what is 481 + -203?
277
In base 8, what is -3443160 + 3?
-3443155
In base 4, what is -12 + 1113101?
1113023
In base 10, what is 0 - 283?
-283
In base 9, what is -116 + 542?
425
In base 6, what is -40 + 244004?
243524
In base 14, what is -53 - 7d?
-d2
In base 6, what is -4013321 - 2?
-4013323
In base 9, what is 26 - -4578?
4615
In base 3, what is -111001111 - 2201?
-111011012
In base 5, what is 444030 + 231?
444311
In base 12, what is 29653 + -1?
29652
In base 2, what is 101110101010001110011 + 1?
101110101010001110100
In base 11, what is 0 - 8215?
-8215
In base 5, what is 214131023 + 2?
214131030
In base 16, what is 1ee - -3?
1f1
In base 16, what is -62 + -eb8?
-f1a
In base 2, what is 11000001100010 + -10010111?
10111111001011
In base 16, what is -12e15 - 2?
-12e17
In base 8, what is -20041 + 1356?
-16463
In base 14, what is 71bc - -17?
71d5
In base 13, what is -39 + -9308?
-9344
In base 4, what is -333210 - -1201?
-332003
In base 7, what is 4525 + -4300?
225
In base 8, what is -24375 - 1?
-24376
In base 12, what is -7983 + -3a?
-7a01
In base 10, what is 24975 + -6?
24969
In base 7, what is -2012 + -142?
-2154
In base 4, what is 132 - 1101031?
-1100233
In base 5, what is -1324 - -13?
-1311
In base 11, what is -2057 + 7?
-2050
In base 13, what is -a + 9349?
933c
In base 16, what is -1eda + -8a?
-1f64
In base 16, what is 11d - -103?
220
In base 4, what is -120221 - -312?
-113303
In base 12, what is -5 - -11695?
11690
In base 5, what is 12 + -111431?
-111414
In base 10, what is 5 - 146792?
-146787
In base 9, what is -1287678 + -2?
-1287681
In base 10, what is -29 - -116180?
116151
In base 7, what is -3 + -1160243?
-1160246
In base 8, what is 32655 - -13?
32670
In base 8, what is 674041 + 0?
674041
In base 8, what is 106 + -2310?
-2202
In base 14, what is 1266 - -94c?
1bb4
In base 2, what is 111011001 + -10001?
111001000
In base 15, what is c - 186d?
-1861
In base 11, what is 7 + 366?
372
In base 10, what is -1881767 + 3?
-1881764
In base 5, what is 1333 - -1342?
3230
In base 11, what is -a39334 + 3?
-a39331
In base 10, what is 10 + 28296?
28306
In base 8, what is -3 + 102721?
102716
In base 15, what is 1bd3 - -3b0?
2093
In base 6, what is -1220233 + -25?
-1220302
In base 12, what is -716 - 87?
-7a1
In base 10, what is 6 + -7813?
-7807
In base 6, what is 4 - -1245443?
1245451
In base 7, what is -125 + 431105?
430650
In base 12, what is 75 + 7a0a?
7a83
In base 11, what is -15095 + 0?
-15095
In base 14, what is 50a - bc6?
-6ba
In base 2, what is 111000 - 11111110010?
-11110111010
In base 6, what is 5331220 + -12?
5331204
In base 3, what is 222220010 + 2222?
1000000002
In base 13, what is -3c995 - -2?
-3c993
In base 12, what is 5 + -1a4429?
-1a4424
In base 13, what is 5 - -1a58c?
1a594
In base 10, what is -1 - 7793?
-7794
In base 2, what is 1011110 - 1101101101?
-1100001111
In base 16, what is -3 + -29cb6?
-29cb9
In base 15, what is 235 + -585?
-350
In base 13, what is 2 - -5104?
5106
In base 2, what is -10 + 10010010101000011?
10010010101000001
In base 11, what is -42179 - 0?
-42179
In base 6, what is -5 + 3112153?
3112144
In base 6, what is -541201 + -4?
-541205
In base 10, what is -1621 - 38?
-1659
In base 12, what is 63 + -2415?
-2372
In base 16, what is 1 + -2a62e?
-2a62d
In base 2, what is -101 - 101100110001?
-101100110110
In base 6, what is 244352 - -3?
244355
In base 13, what is -1 + c682?
c681
In base 12, what is 3 + -77367?
-77364
In base 16, what is -d8 + -1e3?
-2bb
In base 10, what is 4 - 99124?
-99120
In base 7, what is -16133306 - 5?
-16133314
In base 13, what is 0 + -14942?
-14942
In base 11, what is 5 + -75253?
-75249
In base 11, what is a + -1853?
-1844
In base 10, what is -3 - 15601?
-15604
In base 4, what is -2213310223 - -1?
-2213310222
In base 3, what is 1011111000 - 20?
1011110210
In base 10, what is 460 + 1862?
2322
In base 2, what is -1101 + -10101111010111?
-10101111100100
In base 12, what is -2602 - -29?
-2595
In base 11, what is -5 - -a32a29?
a32a24
In base 12, what is -243 - -98?
-167
In base 6, what is 3 - -21101?
21104
In base 16, what is -8f8 - 19?
-911
In base 3, what is -1112122110000 - 2?
-1112122110002
In base 8, what is -3344 - -706?
-2436
In base 11, what is -1052 + -241?
-1293
In base 11, what is a93040 + -5?
a93036
In base 16, what is e07b + -4?
e077
In base 8, what is -44 - 12575?
-12641
In base 14, what is -d - 529b2?
-529c1
In base 4, what is 1 - 1201323130?
-1201323123
In base 3, what is 12001220 + 10?
12002000
In base 10, what is 87394 + 0?
87394
In base 3, what is 100100 - -201220120?
202020220
In base 10, what is 117 - -598?
715
In base 6, what is -51 + 110?
15
In base 3, what is 1201111011 - -12?
1201111100
In base 5, what is 1 - 402244114?
-402244113
In base 2, what is -1010 - 111110001001?
-111110010011
In base 3, what is -11020012 + 100?
-11012212
In base 2, what is 110011000 - -10011111?
1000110111
In base 4, what is 11232010130 - 3?
11232010121
In base 9, what is -8741 + 5?
-8735
In base 5, what is -110123211 - -3?
-110123203
In base 2, what is -11001 + 1010101110000?
1010101010111
In base 3, what is 110102220110 - -200?
110102221010
In base 8, what is -4 - -13444?
13440
In base 3, what is -1022002 - 120202?
-1212211
In base 4, what is 0 + 223220303?
223220303
In base 3, what is -1 - -211122122212?
211122122211
In base 14, what is -92a6 - -3?
-92a3
In base 3, what is 202202 + 1000?
210202
In base 16, what is -567 + -1c2?
-729
In base 3, what is 110111021 - -1000020?
111111111
In base 10, what is -694 + 262?
-432
In base 9, what is -12 - 103?
-115
In base 11, what is 7a - 21?
59
In base 12, what is 2009 - 261?
1968
In base 2, what is -1100101011010 + 110000?
-1100100101010
In base 3, what is 11012110 + 22012?
11111122
In base 15, what is -2 + -12050?
-12052
In base 8, what is -3 - 305153?
-305156
In base 14, what is -71a5 - -29?
-717a
In base 12, what is -2 + -19197?
-19199
In base 5, what is -4 + -40023?
-40032
In base 7, what is 50 + 35?
115
In base 9, what is 37 + -21843?
-21805
In base 11, what is -3 + 3aa51?
3aa49
In base 14, what is 1 + -1c83?
-1c82
In base 10, what is 0 - -118121?
118121
In base 16, what is -1 + 2d4e0?
2d4df
In base 3, what is -11010110002 + -1110?
-11010111112
In base 2, what is 1000101100011 - 11?
1000101100000
In base 2, what is -10000011111011110000101 - 1?
-10000011111011110000110
In base 10, what is -10923 - 7?
-10930
In base 13, what is 43369 - -5?
43371
In base 2, what is -10011000010 + 1010?
-10010111000
In base 11, what is -159 + 97?
-72
In base 14, what is 6 + -84c12?
-84c0a
In base 8, what is -5 - 24523?
-24530
In base 16, what is 60 - -210?
270
In base 2, what is 100010010110 - -1110011?
100100001001
In base 14, what is 7 - 73aa?
-73a3
In base 14, what is a2 + 13?
b5
In base 8, what is 4 - -6743045?
6743051
In base 6, what is 20153 + -55?
20054
In base 4, what is 2 + -31122310?
-31122302
In base 10, what is -6878 - -4?
-6874
In base 15, what is -1 - 428e3?
-428e4
In base 10, what is 3 - 3248?
-3245
In base 10, what is -12774 + -1?
-12775
In base 4, what is -22030121 + 33?
-22030022
In base 16, what is -141c5 + -4?
-141c9
In base 14, what is -d871 + 5?
-d86a
In base 9, what is 1504801 - -3?
1504804
In base 15, what is 504 - 7a?
479
In base 8, what is -135767 - 1?
-135770
In base 4, what is -112010 - 112330?
-231000
In base 2, what is 1000100 + 100110011110011?
100110100110111
In base 4, what is -31032 - -1032123?
1001031
In base 4, what is -3 - -33203120?
33203111
In base 8, what is 2211 + 65?
2276
In base 10, what is 5 - -854113?
854118
In base 3, what is 102 - -102021220102?
102021220211
In base 11, what is 1 - -5274?
5275
In base 8, what is -51 - 13?
-64
In base 3, what is 200021200101 - 10?
200021200021
In base 7, what is -52 - 14?